7/(-1863))?
9
Let b(w) = 3*w**2 - w + 4. Suppose 4*u - y = -12, -3*u - 7*y - 9 = -3*y. What is the units digit of b(u)?
4
Suppose -2*j = -2*z + 22, 0 = 3*j - 12 + 18. Let d = 220 + z. What is the hundreds digit of d?
2
Let t be ((-6)/(-5))/((-14)/(-105)). Let o = t - 5. What is the tens digit of 1*10*26/o?
6
Let r(c) = -c**3 + c**2 - 2*c - 2. Let d be r(-4). Let k = d - 36. What is the units digit of k?
0
Let o(v) = 9*v**2 - 4 + v**3 - 6*v + 4 + 9 + 0*v**3. What is the tens digit of o(-9)?
6
Suppose -k + 28 = 3*k. Suppose -24 = c + 3*y, 4*c - k*y + 164 = -2*y. Let b = c + 64. What is the units digit of b?
8
Let r be (4 - -206)/6 + 2. Let i = r + 143. What is the tens digit of i?
8
Suppose -a + 22 = -5*p, 4*p - 1 = 2*a - 21. Let i be (-14)/(-10) + a/(-5). What is the units digit of ((-9)/18)/(i/(-34))?
7
Let a(f) = -f**2 + 3*f + 5. Let v be a(-5). Let r = 40 + v. What is the units digit of r?
5
Let o(u) = -3*u + 8. Let d(q) = q + q - 4 - 5 + q. Let h(a) = -5*d(a) - 6*o(a). What is the units digit of h(6)?
5
Suppose -4*m + 5*d + 51 = 0, -m + d + 90 = 4*m. Let k = m - 33. Let s = 46 + k. What is the tens digit of s?
3
Let r(l) = 257*l - 346. What is the tens digit of r(20)?
9
Suppose 5*s - 3*s = -56. Let k be 88/(-14) + (-8)/s. What is the units digit of 2 + 33 - (k + 3)?
8
Let d(f) = -f**2 - 5*f + 1. Let x be d(-4). Suppose -2*a + 71 = -4*h - 105, -x*a - 4*h = -454. What is the tens digit of a?
9
Let u be 2410/(-90) + (-2)/9. Let g = -122 + 84. Let w = u - g. What is the tens digit of w?
1
Suppose 7*y - 21 = 2*y + 4*q, 0 = 2*y - 2*q - 8. Suppose -y*o + 16 = -o. Suppose n + o*n = 125. What is the tens digit of n?
2
Let s(m) = -89*m + 201. What is the tens digit of s(-8)?
1
Let v = -124 + 129. Let x(l) = l**3 - 6*l**2 + 6*l - 1. Let s be x(5). Suppose 27 = -s*h + v*h. What is the units digit of h?
7
Let h be 284/18 + (-4)/(-18). Let z be h/6*(-36)/(-24). Suppose -2*s + z = -20. What is the units digit of s?
2
Let b = 5 + 1. Suppose f - 14 = -j, -2*j + 28 = -f + b*f. Suppose -j*l = -10*l - 92. What is the tens digit of l?
2
Suppose p + 4*p - q = 1305, -4*q = -20. What is the tens digit of p?
6
Let o = 12690 - 8238. What is the tens digit of o?
5
What is the hundreds digit of 7594/18 - (-5)/180*4?
4
Let t = -57 - -110. Let a = t - 42. What is the tens digit of a?
1
Suppose 5*w - 4*j - 26 = 0, 3*w = 4*j - 2 + 24. Suppose -3*t - z = -w*t - 244, -t = -3*z - 236. What is the tens digit of t?
4
Suppose 12 = 3*f, -3*t - 435 = 5*f - 1094. Let o = t - 148. Suppose -b = 4*b - o. What is the units digit of b?
3
Suppose 3*z - 153 = -f, 4*z = 4*f - 180 - 416. Suppose -f = -4*o - o. What is the tens digit of o?
3
Let o(k) = -k**3 - 9*k**2 - 10*k + 12. Suppose 0 = 4*h - 5*g + 41, -4*g = -0*h + 3*h + 23. What is the tens digit of o(h)?
0
Let g(y) = -334*y + 32. What is the thousands digit of g(-12)?
4
Suppose -7*n + 250 = -2*n. Suppose -5*w + 2*s - s - 68 = 0, s + 44 = -3*w. What is the units digit of n/6 + w/(-21)?
9
Let g = 31 + -107. Let c = -14 - g. What is the units digit of c?
2
Let f = 3141 + -1704. What is the hundreds digit of f?
4
Suppose -4*l + 300 = l. What is the units digit of (-3)/(-1 + 56/l)?
5
What is the tens digit of -1058*(-9)/(-36)*4/(-2)?
2
Let w = -68 + 1380. What is the hundreds digit of w?
3
Let q = 3 - 1. Let i = q - 1. What is the units digit of i/3 - 33/(-9)?
4
Suppose 0 = -12*g + 11*g + 30. Suppose -t + 420 = 4*v, -3*v = t - 286 - g. What is the hundreds digit of v?
1
Let z = 4024 - 2342. Suppose 239 - z = -13*l. What is the tens digit of l?
1
Suppose 9*s = 4*l + 5*s - 504, -3*l - 4*s + 399 = 0. What is the hundreds digit of l?
1
Let i(r) = -r**2 + 9*r + 3. Let g be i(6). What is the units digit of -2*g/(-6) + 0/(-3)?
7
Let u = 981 + -120. What is the units digit of u?
1
Let b = 3047 - 1699. What is the thousands digit of b?
1
Suppose 0 = 2*o - 5*u + 4 + 4, u - 3 = -o. Let c(t) = -14*t - 1. Let q be c(o). What is the units digit of (-114)/q + 6/15?
8
Let h(w) = -134*w + 574. What is the hundreds digit of h(-7)?
5
Suppose -9 = -8*c + 15. What is the units digit of 1/c*85*(-54)/(-18)?
5
Suppose 0 = 2*k + 10*i - 15*i - 1217, k - 607 = 4*i. What is the units digit of k?
1
Let l(q) = 3*q**2 - 2*q + 6. Let m be (-12)/(-3)*(-9)/6 + 3. What is the units digit of l(m)?
9
Suppose -1090 = -41*j + 46*j. What is the units digit of j/(-6) + 8/(-6)?
5
Let d = 133 + 23. Let q = d - 69. What is the units digit of q?
7
Suppose 5 - 3 = 2*w. Let p be w/2 - 9/(-6). Suppose j + 2*j = 3*v - 84, 31 = v + p*j. What is the units digit of v?
9
Let j(t) = -5*t**2 - 5*t + 2. Let x be j(-4). Let d = -1057 - -1022. Let p = d - x. What is the tens digit of p?
2
Let x be 26/(-8) - (-5)/20. What is the units digit of 35/1 - x/(-1)?
2
Let w(y) = y**3 - 8*y**2 - 6*y. What is the hundreds digit of w(10)?
1
Suppose 7*d - 3*d = 12. Suppose -5*p - 3*k + 99 = 0, 3*k - 66 = -d*p - k. What is the units digit of p?
8
Let h = 202 + -121. Let a = h - 26. What is the units digit of a?
5
Let q(r) = r + 97. What is the tens digit of q(25)?
2
Let j(k) = -15*k**3 + 3*k + 1. Let i be j(-2). Let y = -43 + 108. Let u = i - y. What is the units digit of u?
0
Let g(h) be the second derivative of h**5/20 - 7*h**4/6 + 5*h**3/6 + 7*h**2 + 29*h. What is the tens digit of g(14)?
8
Suppose -4*d = 5*q - 16, 0 = -5*d - 2*q - 0*q + 3. Let b = 85 + d. What is the units digit of b?
4
Let k = -46 - -35. Let z(g) = -g**2 - 10*g + 12. What is the units digit of z(k)?
1
Suppose 1724 = 4*k - g, 3*k + 5*g - 805 = 488. What is the hundreds digit of k?
4
Suppose 108*x - 105183 = 15*x. What is the thousands digit of x?
1
Let c(b) = -34*b + 228. What is the units digit of c(-20)?
8
Let c be (-2)/4*6 - -65. Let i = -18 + c. What is the tens digit of i?
4
Suppose -4*c - k + 429 = 0, 0 = -0*c + 3*c + 5*k - 343. What is the hundreds digit of c?
1
Let l = 30 + -29. Let x(f) = 11*f**3 - f**2 - f + 2. What is the units digit of x(l)?
1
Suppose -5*v = -y - 10, v - 2 = -5*y + 2*y. Suppose -l = -0 + v. What is the units digit of 1 + (-3)/(-1 + l)?
2
Let d(o) = 20*o**2 + 19*o + 32. What is the tens digit of d(-6)?
3
Suppose 0 = -14*s + 35376 + 22318. What is the tens digit of s?
2
Suppose -4*r + 2818 = -9130. What is the hundreds digit of r?
9
Let d = 14 - 10. Suppose -4*j = -m - 44, 2*m = d*m. What is the tens digit of j?
1
Suppose -2*x = -2, -3*c + 0*x = 3*x - 1530. What is the tens digit of c?
0
Let w(c) = c**3 + 7*c**2 - 10. Let r be w(-7). What is the units digit of r/(-8) + (-3458)/(-56)?
3
Let s = -423 - -694. What is the tens digit of s?
7
Suppose 26*c - 35*c + 5508 = 0. What is the hundreds digit of c?
6
Suppose -2 = 3*p - 23. Suppose -15 = 5*k + 5*h, k - p = 4*h + 15. Suppose -k*n = n - 36. What is the units digit of n?
2
Suppose -4*r - 2294 = 2*f + 30456, -4*r - 3*f = 32749. Let g be (-26)/143 - r/22. Suppose 6*o - g - 48 = 0. What is the units digit of o?
0
Let c be ((-8)/(-12))/((-6)/27). Let p(t) = -t**3 - 5*t**2 - t + 4. Let k be p(c). Let x = 23 - k. What is the tens digit of x?
3
What is the tens digit of -4 + 80 + 6 + -8?
7
Suppose -2*y = 5*q - 135 + 15, 4*q - 5*y - 63 = 0. Suppose -q*l + 24*l - 490 = 0. What is the units digit of l?
5
Let p(n) = n**2 + 2. Let s be -1 - (-1)/(-4)*4. What is the units digit of p(s)?
6
Let x(w) = -5*w. Let j be x(-1). Suppose -n - 310 = -3*n + 4*y, j*y = 4*n - 605. What is the units digit of n?
5
Suppose 8*d - 10*d = -4*k - 1766, -3*d - k + 2663 = 0. What is the hundreds digit of d?
8
Let q(m) = 3*m + 43. Let d be q(7). Suppose 61*c + 507 = d*c. What is the tens digit of c?
6
Let g be ((-3)/1)/(9/(-6)). Suppose -2*c - g*c - p = -1, 12 = -4*p. What is the tens digit of ((-8)/(-8))/(c/25)?
2
What is the tens digit of (-40)/16*-282*(0 - -1)?
0
Suppose 66*c = 116198 + 183244. What is the hundreds digit of c?
5
Let s(h) = 25*h**2 + 21*h - 31. What is the hundreds digit of s(-7)?
0
Suppose -m + 5*y + 31 = 0, 4*m - 3*m + 3*y = -9. Suppose m - 16 = -2*c. Suppose -2*o - 2*o + 5*s = -53, c*o - 15 = -4*s. What is the units digit of o?
7
Let o = 35 + -31. Suppose -o*q - 3 = -7*q. What is the units digit of q?
1
Let a be (-20)/(-15)*63/6. Let t = a - -111. What is the units digit of t?
5
Let u(c) = 36*c**2 - 8*c - 48. Let h be u(-6). Suppose 5*z + 4*z - h = 0. What is the units di